{"id":20,"date":"2020-01-10T14:55:30","date_gmt":"2020-01-10T14:55:30","guid":{"rendered":"https:\/\/testytrunkow.000webhostapp.com\/?page_id=20"},"modified":"2020-01-31T21:21:42","modified_gmt":"2020-01-31T20:21:42","slug":"o-mnie","status":"publish","type":"page","link":"https:\/\/motocykleiwino.org\/index.php\/o-mnie\/","title":{"rendered":"O mnie"},"content":{"rendered":"\n<p style=\"font-size:30px\">Cze\u015b\u0107, jestem Ariel Zakrzewski&#8230; I to jest ten moment, kiedy powinno rozbrzmie\u0107 &#8220;cze\u015b\u0107 Ariel&#8221;. Je\u015bli zagl\u0105dasz do tej sekcji to s\u0105 trzy wyj\u015bcia: albo jeste\u015b tu przez przypadek; albo szukasz do mnie kontaktu &#8211; informacje na ten temat znajdziesz ni\u017cej; albo naprawd\u0119 interesuje Ci\u0119, kim tak w\u0142a\u015bciwie jest autor tego bloga (wsp\u00f3\u0142czuj\u0119 :P). <\/p>\n\n\n\n<p style=\"font-size:30px\">W kwestii kontaktu:<br>mail: motocykleiwino@gmail.com<br>fanpage na facebooku: <a rel=\"noreferrer noopener\" aria-label=\"Motocykle i Wino (opens in a new tab)\" href=\"https:\/\/www.facebook.com\/Motocykle-i-wino-111292153744535\" target=\"_blank\"><span style=\"text-decoration: underline;\">Motocykle i Wino<\/span><\/a><\/p>\n\n\n\n<p style=\"font-size:30px\">Zak\u0142adaj\u0105c, \u017ce pierwsza i druga mo\u017cliwo\u015b\u0107 s\u0105 chyba wyja\u015bnione, przejd\u017amy do trzeciej: tak, jak wspomnia\u0142em na pocz\u0105tku, mam na imi\u0119 Ariel. Jak si\u0119 pewnie domy\u015blasz, jednymi z moich wiod\u0105cych zainteresowa\u0144 s\u0105 wino oraz motocykle, cho\u0107 pragn\u0119 podkre\u015bli\u0107, \u017ce nie w parze. Wino po ca\u0142ym dniu na motocyklu i owszem, bardzo ch\u0119tnie, w drug\u0105 stron\u0119 &#8211; jazda czymkolwiek jako kierowca po alkoholu &#8211; za Chiny Ludowe nie ma opcji. Maj\u0105c t\u0119 kwesti\u0119 (zak\u0142adam, \u017ce raczej oczywist\u0105, ale mimo wszystko lepiej to podkre\u015bli\u0107) za sob\u0105, mo\u017cemy przej\u015b\u0107 dalej. <\/p>\n\n\n\n<p style=\"font-size:30px\">Winem interesuj\u0119 si\u0119 ju\u017c od chyba 10 lat, tak na szybko licz\u0105c. Pocz\u0105tek tej przygody si\u0119ga pierwszego roku moich studi\u00f3w, kiedy to wracaj\u0105c z okolic krakowskiego rynku w kierunku ciep\u0142ego \u0142\u00f3\u017ceczka i b\u0142ogiego snu, przyku\u0142o moj\u0105 uwag\u0119 pewne miejsce przy samym ko\u0144cu ul. \u015aw Tomasza (od strony placu Szczepa\u0144skiego). By\u0142a to do\u015b\u0107 niepozorna z zewn\u0105trz winiarnia i winoteka. Postanowi\u0142em wst\u0105pi\u0107, gdy\u017c z jakiego\u015b powodu stwierdzi\u0142em, \u017ce chc\u0119 si\u0119 przekona\u0107, czym jest dobre wino. Do tego momentu znane by\u0142y mi jedynie &#8220;dzie\u0142a&#8221; pokroju Kadarki z Biedronki za 12z\u0142 lub jakie\u015b ekwiwalenty tego specja\u0142u. Nie maj\u0105c na temat win jeszcze kompletnie zielonego poj\u0119cia, poprosi\u0142em kelnerk\u0119 o kieliszek wina, kt\u00f3re ona uzna za najlepsze, aby w og\u00f3le ten \u015bwiat pozna\u0107. Oczywi\u015bcie, jak w takich sytuacjach bywa, nawet nie przysz\u0142o mi do g\u0142owy zapisa\u0107, co to by\u0142o za wino. W tej chwili nawet specjalnie go nie pami\u0119tam, chyba by\u0142 to jaki\u015b cabernet sauvignon ze starego \u015bwiata, ale raczej nie da\u0142bym sobie za to podejrzenie nic uci\u0105\u0107. Tak, czy inaczej, mimo \u017ce wina nie pami\u0119tam, to jednak wywo\u0142a\u0142o ono na mnie piorunuj\u0105ce wra\u017cenie. Tak piorunuj\u0105ce, \u017ce rozpocz\u0119\u0142o moj\u0105 przygod\u0119 z winami, kt\u00f3ra trwa do dzisiaj&#8230;<\/p>\n\n\n\n<p style=\"font-size:30px\">Tematyka motocykli te\u017c kr\u0105\u017cy wok\u00f3\u0142 mnie od ponad 10 lat, kiedy to zdaj\u0105c egzamin na prawo jazdy, od razu poszed\u0142em na dwie kategorie: A i B (tak, wtedy jeszcze na motocykl by\u0142a jedna kategoria bez \u017cadnych ogranicze\u0144, nie licz\u0105c karty motorowerowej). Oczywi\u015bcie nie mia\u0142em \u017cadnych konkretnych plan\u00f3w kiedy, ani nawet jaki to kiedy\u015b b\u0119dzie motocykl. Wiedzia\u0142em jedynie, \u017ce te dwa k\u00f3\u0142ka w moim gara\u017cu w ko\u0144cu si\u0119 pojawi\u0105. I sta\u0142o si\u0119&#8230; W lutym 2017 zakupi\u0142em Hond\u0119 CBR 600 F4 i si\u0119 zacz\u0119\u0142o&#8230; Tyle frajdy ile daje mi ta maszyna do tej pory ci\u0119\u017cko mi por\u00f3wna\u0107 do czegokolwiek innego. Inni motocykli\u015bci b\u0119d\u0105 wiedzie\u0107, o czym m\u00f3wi\u0119. Pozosta\u0142ym musi wystarczy\u0107 taki (stanowi\u0105cy w zasadzie jedno wielkie niedopowiedzenie) opis: moment, w kt\u00f3rym siadam i odpalam moj\u0105 maszyn\u0119 to moment, w kt\u00f3rym bez wzgl\u0119du na dotychczasowy nastr\u00f3j, mam tak\u0105 radoch\u0119, jak dzieciak, kt\u00f3ry w\u0142a\u015bnie rozrywa opakowania ogromnego wymarzonego prezentu pod choink\u0105!<\/p>\n\n\n\n<p style=\"font-size:30px\">Je\u015bli jeszcze Ci\u0119 nie znudzi\u0142o czytanie kolejnej historii jakiego\u015b go\u015bcia, kt\u00f3ry stwierdzi\u0142, \u017ce troch\u0119 popisze w internetach, to lecimy dalej. Poza winem interesuj\u0119 si\u0119 tak\u017ce innymi alkoholami, przede wszystkim piwem. Z tym te\u017c wi\u0105\u017ce si\u0119 pewna historia, jak z \u017bubra i Stronga przesiad\u0142em si\u0119 na wszelkiej ma\u015bci ipy, apy, portery, stouty, i tak dalej, i tak dalej&#8230; Mo\u017ce kiedy\u015b o tym napisz\u0119. Odchodz\u0105c ju\u017c od tematu alkoholi, na co dzie\u0144 mieszkam i pracuj\u0119 jako programista w Krakowie, studia kierunkowe uko\u0144czy\u0142em na Uniwersytecie Jagiello\u0144skim. Poza motocyklami i alkoholem lubi\u0119 sobie troch\u0119 po\u0107wiczy\u0107 sporty i systemy walki, tj. taekwondo i savbor. Mniej wi\u0119cej raz w tygodniu (czasem rzadziej) zdarza mi si\u0119 odwiedzi\u0107 te\u017c kort tenisowy. Wi\u0119cej grzech\u00f3w&#8230;. to znaczy zainteresowa\u0144 wartych wspomnienia w sekcji &#8220;O mnie&#8221;, nie pami\u0119tam (albo z rozmys\u0142em o nich nie pisz\u0119 :P)<\/p>\n\n\n\n<p style=\"font-size:30px\">Dzi\u0119ki za cierpliwo\u015b\u0107 i zaci\u0119cie w czytaniu tych kilku zda\u0144 na m\u00f3j temat, naprawd\u0119 podziwiam i doceniam. Nie pozostaje mi ju\u017c nic innego, jak zaprosi\u0107 Ci\u0119 do \u015bledzenia mojego bloga i \u017cyczy\u0107 Ci przyjemno\u015bci przy jego lekturze.<\/p>\n\n\n\n<p style=\"font-size:30px\">Pozdrawiam,<br>Ariel Zakrzewski<\/p>\n","protected":false},"excerpt":{"rendered":"<p>Cze\u015b\u0107, jestem Ariel Zakrzewski&#8230; I to jest ten moment, kiedy powinno rozbrzmie\u0107 &#8220;cze\u015b\u0107 Ariel&#8221;. Je\u015bli zagl\u0105dasz do tej sekcji to s\u0105 trzy wyj\u015bcia: albo jeste\u015b tu przez przypadek; albo szukasz do mnie kontaktu &#8211; informacje<\/p>\n","protected":false},"author":1,"featured_media":0,"parent":0,"menu_order":0,"comment_status":"closed","ping_status":"closed","template":"","meta":{"_monsterinsights_skip_tracking":false,"_monsterinsights_sitenote_active":false,"_monsterinsights_sitenote_note":"","_monsterinsights_sitenote_category":0,"spay_email":""},"jetpack_likes_enabled":false,"jetpack_sharing_enabled":true,"_links":{"self":[{"href":"https:\/\/motocykleiwino.org\/index.php\/wp-json\/wp\/v2\/pages\/20"}],"collection":[{"href":"https:\/\/motocykleiwino.org\/index.php\/wp-json\/wp\/v2\/pages"}],"about":[{"href":"https:\/\/motocykleiwino.org\/index.php\/wp-json\/wp\/v2\/types\/page"}],"author":[{"embeddable":true,"href":"https:\/\/motocykleiwino.org\/index.php\/wp-json\/wp\/v2\/users\/1"}],"replies":[{"embeddable":true,"href":"https:\/\/motocykleiwino.org\/index.php\/wp-json\/wp\/v2\/comments?post=20"}],"version-history":[{"count":8,"href":"https:\/\/motocykleiwino.org\/index.php\/wp-json\/wp\/v2\/pages\/20\/revisions"}],"predecessor-version":[{"id":400,"href":"https:\/\/motocykleiwino.org\/index.php\/wp-json\/wp\/v2\/pages\/20\/revisions\/400"}],"wp:attachment":[{"href":"https:\/\/motocykleiwino.org\/index.php\/wp-json\/wp\/v2\/media?parent=20"}],"curies":[{"name":"wp","href":"https:\/\/api.w.org\/{rel}","templated":true}]}}